n.
3
Let c be -2*(2/(-1) + 1). Suppose c*h + 40 = 4*h. What are the prime factors of h?
2, 5
Let q(b) = 6*b**2 + b. Let r be q(-1). Suppose 4*m - 3*t - 49 = 2*m, 3*m = -r*t + 83. Suppose -p + 2*f + m = 2*p, -18 = -2*p + f. List the prime factors of p.
2, 5
Suppose j - 2 = 3. Suppose 2*h = 10, -5*w + 39 + 51 = j*h. List the prime factors of w.
13
Let l = 13 + -8. Suppose 37 = 4*v + 5*p, l*p = -v + 3*v - 41. What are the prime factors of v?
13
Suppose 4*x - 2 = 10. Suppose -b + 6 = -x. What are the prime factors of b?
3
Suppose -s + 1 = -2*s. Let z(x) = -5*x + 1. List the prime factors of z(s).
2, 3
Suppose -2*l - 2*l - 2*d = -8, 0 = l + 2*d + 4. List the prime factors of l.
2
Let k be (-174)/(-4) + 2/4. Let q = 75 - k. List the prime factors of q.
31
Let i be (0 - (1 + -2)) + -4. What are the prime factors of (-112)/(-21)*i/(-2)?
2
Suppose 1020 = 107*n - 103*n. What are the prime factors of n?
3, 5, 17
Let c(z) be the second derivative of -z**3/6 + z**2/2 + 5*z. List the prime factors of c(-12).
13
Suppose p - 72 = 5*m, 5*p - m - 423 + 87 = 0. List the prime factors of p.
67
Suppose 60 + 21 = 3*k. Let p = k - 15. What are the prime factors of p?
2, 3
Let c(v) = -v**3 + 10*v**2 - 8*v - 4. What are the prime factors of c(6)?
2, 23
List the prime factors of 8/12 - (-49)/3.
17
Let b = -9 + 19. Let y be (3 + -2)/(2/b). Suppose -y*u = 2*c - 66, -u - 2*c + 12 = -c. List the prime factors of u.
2, 7
Let z be 5 + 1 - (-4 + 5). Suppose -z*f - 17 = -87. What are the prime factors of f?
2, 7
Let s = 61 - 35. What are the prime factors of s?
2, 13
Let g = 10 - 7. Suppose 0 = -5*y - g - 22. Let i = -3 - y. List the prime factors of i.
2
Let z = 3 - -1. Suppose -z*l = -32 + 8. Suppose x + 5*n = -3*x + 30, -x + l = 2*n. What are the prime factors of x?
2, 5
Let j = 69 - 66. List the prime factors of j.
3
Let g be 2/(-5) + (-12)/(-5). Let i(n) = 4 - n**g + 0*n + 0 + n. List the prime factors of i(0).
2
Suppose f + 46 = 5*p + 7, -f - 21 = 4*p. Let y = -14 - f. What are the prime factors of y?
3, 5
Let u = 33 - 21. Suppose u + 6 = 3*o. List the prime factors of o.
2, 3
Let a be 0/2 + 1 + 3. Suppose 2*l + 5*c = a*l - 17, 2*c = -2*l - 4. Suppose -7 - l = -p. List the prime factors of p.
2
Suppose 24 = 2*x + x + 3*j, 3*x - 24 = j. List the prime factors of x.
2
Let z(c) = c - 4. Let d(n) = -3*n**2 + 2*n**2 + 2*n**2 + 7 - n**3. Let a be d(0). What are the prime factors of z(a)?
3
Suppose -3*a = -204 + 42. List the prime factors of a.
2, 3
Suppose 2*s + 11 + 7 = -4*v, 0 = -5*s - 4*v - 33. Let l be (-4)/(-20) - 9/s. Suppose 0 = l*j - 6 - 6. List the prime factors of j.
2, 3
Let a be (6 + -2)/((-4)/(-2)). Suppose a*h - 4*h + 23 = -3*g, 0 = -5*h - 2*g + 105. What are the prime factors of h?
19
Let u be ((-1)/3)/(2/(-18)). Suppose 0 = -l - 8 - u. Let f = 6 - l. What are the prime factors of f?
17
Let x = -2 - -3. Suppose -p + x = -1. List the prime factors of p.
2
Let u be 2/13 + (-628)/26. Let q = u + 56. Let w = 47 - q. What are the prime factors of w?
3, 5
Suppose 2*f = -2*q + 5*q - 44, 0 = 3*q - 3*f - 42. What are the prime factors of q?
2
Let v be 2/(-4)*(1 + -1). Suppose v = 2*x + b + 6, -x + 2*b - 1 + 3 = 0. List the prime factors of (2 + -5)/(3/x).
2
Let t = 337 - 144. List the prime factors of t.
193
Let z(r) = -r**2 + 11*r - 10. Let n be (-36)/(-15)*(-20)/(-6). List the prime factors of z(n).
2, 7
Let j be (-2)/(-3) - (-10)/3. Suppose 0 = -2*u + 14 - j. List the prime factors of u.
5
Let p(z) be the second derivative of 1/2*z**4 + 0 + 5/2*z**2 - 5/6*z**3 + 4*z - 1/20*z**5. What are the prime factors of p(5)?
5
Suppose h - 2*p - 7 = -3*p, -4*p = 2*h - 8. What are the prime factors of h/(2 + 36/(-21))?
5, 7
Let p = -564 - -833. What are the prime factors of p?
269
Suppose 0 = -5*m + 25, l + 0*m + 7 = 5*m. List the prime factors of -2 + 5 - l*-3.
3, 19
Let j = 66 + -47. Let z = j + -12. List the prime factors of z.
7
Let u(b) = -97*b + 28. Let q(k) = 1456*k - 420. Let h(r) = 6*q(r) + 91*u(r). Let c(j) = -10*j + 3. Let g(i) = -28*c(i) + 3*h(i). List the prime factors of g(1).
7
Let k = -20 + 57. List the prime factors of k.
37
Let x = -264 + 461. What are the prime factors of x?
197
Let d = 68 - 66. What are the prime factors of d?
2
Let i(f) = f**2 + f + 4. Let j be i(-4). Let x = j + -13. List the prime factors of x.
3
Suppose 3*p + 2*v + 76 = 8*p, 2*p - 2*v = 28. Suppose -p - 16 = -2*i. List the prime factors of i.
2
Suppose -7 = -5*r - 5*t + 13, 5*t + 12 = 3*r. List the prime factors of r.
2
What are the prime factors of 0 + (5 - 4) + 94?
5, 19
Let d(h) = -h**3 - 7*h**2 - 6*h + 6. Let u be (-68)/6*6/(-4). Suppose 4*j + 7 = -u. What are the prime factors of d(j)?
2, 3
Suppose -2*s = -0*s - 4. Suppose s*b = 7*b - 25. Suppose 0 = b*v - 76 + 26. List the prime factors of v.
2, 5
Suppose -3*h = j - 173, 3*j - 405 = -5*h + 106. List the prime factors of j.
167
Suppose 2*l = 5*i + 45, -147 = -l - 4*l + i. Suppose l = 3*b + 2*b. Suppose -w = -b - 2. List the prime factors of w.
2
Suppose 0 = -4*c - l - 18, 2*c + l = -2*l - 4. What are the prime factors of (-17)/c + (-4)/10?
3
Suppose -4*q = -0*q - 12. Suppose -q*l - 30 = -6. List the prime factors of -1*(0 + 1) - l.
7
Suppose -4*p + h - 13 = 0, -3*h - 5 = 3*p + 1. Let k = p - 0. What are the prime factors of ((-12)/(-8))/(k/(-32))?
2
Let s(i) = 59*i**2 + 2*i + 1. List the prime factors of s(-1).
2, 29
Suppose 0 = -5*f + 1 + 14. Suppose -f*u - 12 = -4*u. List the prime factors of u.
2, 3
Suppose 4*z - k - 127 = 0, 4*z - 5*z + 48 = 3*k. List the prime factors of z.
3, 11
List the prime factors of (30/(-20))/(2/(-104)).
2, 3, 13
Let s = -24 - -36. Let n be 80/s*(-12)/(-5). Suppose -4*b = 2*d - 32, 0*b - 2*d = -2*b + n. What are the prime factors of b?
2
Let s = -9 - -26. What are the prime factors of s?
17
Let h(g) = -g**3 + 2*g**2 + 4*g - 5. Let r be h(-4). Suppose -5*b + r = -0*b. What are the prime factors of b?
3, 5
Let g be (6/(-9))/(4/(-30)). Suppose g + 13 = -3*m. List the prime factors of (-21)/2*m/9.
7
Suppose 0*q + 3*b - 15 = -2*q, -5*q = 5*b - 25. Suppose -3*s = -5*v + 128, q = -v - 3*s + 25 + 15. What are the prime factors of v?
2, 7
Suppose w + 2*w - 6 = 0. Suppose -2*u - w = 3*a - 6, -7 = -4*a - 3*u. Let o = a - -10. List the prime factors of o.
2
Let y(x) = x**2 + 13*x + 13. Let f be y(-12). What are the prime factors of (8 - 1)/(f + 0)?
7
What are the prime factors of (-107)/(-3) - (-5)/15?
2, 3
Suppose 2*y = -y - 3*w + 15, -y = -5*w - 11. What are the prime factors of y?
2, 3
What are the prime factors of 32/(-10)*(-20)/8?
2
Suppose -2*f = 2*f - 12. Suppose 0 = x + 11 - f. Let y = x - -12. What are the prime factors of y?
2
List the prime factors of (-10)/(-2) + (-346)/(-1).
3, 13
Let p(w) = 5*w**2 + 5*w - 10. Let g(a) = 14*a**2 + 15*a - 30. Let h(d) = -4*g(d) + 11*p(d). Let q be h(-8). Let c = q + 26. What are the prime factors of c?
2, 3
Suppose 2 = 4*g - 6. Let i = g + 0. Suppose 2*s - 4 - i = 0. What are the prime factors of s?
3
Let k(l) = 2*l - 5. Let q be k(7). Let x = -17 + q. Let r(a) = -a**3 - 8*a**2 - 2*a - 5. List the prime factors of r(x).
11
Let z = 8 - -56. What are the prime factors of z?
2
List the prime factors of 4/10 + 19/((-570)/(-8568)).
2, 11, 13
Let d be ((-2)/5)/((-6)/30). Let l(y) = y**3 - y. What are the prime factors of l(d)?
2, 3
Let h(b) = -7*b**3 + b**2 + 4*b + 9. List the prime factors of h(-3).
3, 5, 13
Suppose -5*u = -4*c + 27, 0 = 5*c + 3*u - 6*u - 24. Let x = c + -3. Suppose -4*l + 0*l + 12 = x. What are the prime factors of l?
3
Suppose f + 207 = 5*f - 5*d, -2*d = -2*f + 104. What are the prime factors of f?
53
Let o = 16 - 32. List the prime factors of (-3)/4 - 604/o.
37
Let r be (-6)/(-27) + (-7)/(-9). Let d be (-16)/6*(-30)/(-8). List the prime factors of r/((-3)/(d + -2)).
2
Let w(h) = -2*h + 6 - 5 + 5. What are the prime factors of w(-7)?
2, 5
Suppose -4*p = -6*p + 32. Let i = p - -8. Suppose -2*j - j = -i. List the prime factors of j.
2
Suppose r + 1068 = -0*g + 5*g, -4*g + 864 = 4*r. What are the prime factors of g?
2, 107
Let x = 47 + -30. What are the prime factors of x?
17
Let s = 120 - 66. What are the prime factors of s?
2, 3
Suppose y = 5*f - 41, 0*y + 2*y + 2*f + 34 = 0. Let b = -13 - y. List the prime factors of b.
2
Suppose 4*i = -2*j + 34, -3*j + 0